{"id":384,"date":"2017-03-05T17:15:49","date_gmt":"2017-03-05T15:15:49","guid":{"rendered":"http:\/\/www.hohes-elbufer.de\/?page_id=384"},"modified":"2026-04-02T16:36:59","modified_gmt":"2026-04-02T14:36:59","slug":"sehenswuerdigkeiten","status":"publish","type":"page","link":"https:\/\/www.hohes-elbufer.de\/?page_id=384","title":{"rendered":"Sehenswertes"},"content":{"rendered":"<div class=\"wp-block-image\">\n<figure class=\"alignleft\"><a href=\"http:\/\/www.hohes-elbufer.de\/wp-content\/uploads\/2017\/03\/Highlights.jpg\" target=\"_blank\" rel=\" noreferrer noopener\"><img loading=\"lazy\" decoding=\"async\" width=\"300\" height=\"270\" src=\"http:\/\/www.hohes-elbufer.de\/wp-content\/uploads\/2017\/03\/Highlights-300x270.jpg\" alt=\"\" class=\"wp-image-485\" srcset=\"https:\/\/www.hohes-elbufer.de\/wp-content\/uploads\/2017\/03\/Highlights-300x270.jpg 300w, https:\/\/www.hohes-elbufer.de\/wp-content\/uploads\/2017\/03\/Highlights-768x690.jpg 768w, https:\/\/www.hohes-elbufer.de\/wp-content\/uploads\/2017\/03\/Highlights-1024x920.jpg 1024w, https:\/\/www.hohes-elbufer.de\/wp-content\/uploads\/2017\/03\/Highlights.jpg 1197w\" sizes=\"auto, (max-width: 300px) 100vw, 300px\" \/><\/a><\/figure>\n<\/div>\n\n\n<p class=\"has-medium-font-size\"><em>Sehenswertes gibt es \u00fcberall und die Sch\u00f6nheiten liegen stets im Auge des Betrachters. Was im Folgenden&nbsp;deshalb als &#8222;des Sehens w\u00fcrdig&#8220; ausgewiesen ist, sollte mit Nachsicht betrachtet werden.<\/em><\/p>\n\n\n\n<p class=\"has-medium-font-size\"><em>Die Auswahl der Orte folgt der Idee, dem geneigten Leser erste Eindr\u00fccke von einem besonderen Natur-, Kultur- und Wirtschaftsraum zu vermitteln, dessen besonderer Charakter sich aus der N\u00e4he zur Elbe erkl\u00e4rt. Aus der Sicht sollte interessant sein:<\/em><\/p>\n\n\n\n<ul class=\"wp-block-list\">\n<li class=\"has-medium-font-size\"><em>Das bronzezeitliche <span style=\"color: #0000ff;\"><strong><a href=\"https:\/\/www.hohes-elbufer.de\/?page_id=702\" target=\"_blank\" rel=\"noreferrer noopener\"><mark style=\"background-color:rgba(0, 0, 0, 0)\" class=\"has-inline-color has-vivid-cyan-blue-color\">Totenhaus<\/mark><\/a> <\/strong><\/span>von Gr\u00fcnhof<\/em><\/li>\n\n\n\n<li class=\"has-medium-font-size\"><em>Die <a href=\"https:\/\/www.hohes-elbufer.de\/?page_id=732\" data-type=\"page\" data-id=\"732\" target=\"_blank\" rel=\"noreferrer noopener\"><strong><mark style=\"background-color:rgba(0, 0, 0, 0)\" class=\"has-inline-color has-vivid-cyan-blue-color\">Ertheneburg <\/mark><\/strong><\/a>bei Schnakenbek<\/em><\/li>\n\n\n\n<li class=\"has-medium-font-size\"><em>Lauenburgs malerische <span style=\"color: #0000ff;\"><a href=\"http:\/\/www.hohes-elbufer.de\/?page_id=597\" target=\"_blank\" rel=\"noreferrer noopener\"><strong><mark style=\"background-color:rgba(0, 0, 0, 0)\" class=\"has-inline-color has-vivid-cyan-blue-color\">Unterstadt<\/mark><\/strong><\/a><\/span><\/em><\/li>\n\n\n\n<li class=\"has-medium-font-size\"><em>Das <a href=\"https:\/\/www.hohes-elbufer.de\/?page_id=367\" data-type=\"page\" data-id=\"367\" target=\"_blank\" rel=\"noreferrer noopener\"><strong><mark style=\"background-color:rgba(0, 0, 0, 0)\" class=\"has-inline-color has-vivid-cyan-blue-color\">Pumpspeicherbecken <\/mark><\/strong><\/a>am h\u00f6chsten Punkt des Elbufers<\/em><\/li>\n\n\n\n<li class=\"has-medium-font-size\"><em>Die <span style=\"color: #0000ff;\"><a href=\"http:\/\/www.hohes-elbufer.de\/?page_id=390\" target=\"_blank\" rel=\"noreferrer noopener\"><strong><mark style=\"background-color:rgba(0, 0, 0, 0)\" class=\"has-inline-color has-vivid-cyan-blue-color\">Staustufe <\/mark><\/strong>bei Geesthacht<\/a><\/span><\/em><\/li>\n\n\n\n<li class=\"has-medium-font-size\"><em>Der <a href=\"https:\/\/www.hohes-elbufer.de\/?page_id=528\" data-type=\"page\" data-id=\"528\" target=\"_blank\" rel=\"noreferrer noopener\"><mark style=\"background-color:rgba(0, 0, 0, 0)\" class=\"has-inline-color has-vivid-cyan-blue-color\"><strong>Elbe-L\u00fcbeck-Kanal<\/strong><\/mark><\/a><mark style=\"background-color:rgba(0, 0, 0, 0)\" class=\"has-inline-color has-luminous-vivid-orange-color\">&nbsp;<\/mark><\/em><\/li>\n\n\n\n<li class=\"has-medium-font-size\"><em>Der <span style=\"color: #0000ff;\"><a href=\"http:\/\/www.hohes-elbufer.de\/?page_id=487\" target=\"_blank\" rel=\"noreferrer noopener\"><strong><mark style=\"background-color:rgba(0, 0, 0, 0)\" class=\"has-inline-color has-vivid-cyan-blue-color\">Elbe-Seitenkanal<\/mark><\/strong><\/a><\/span><\/em><\/li>\n\n\n\n<li class=\"has-medium-font-size\"><em>Das <span style=\"color: #0000ff;\"><a href=\"http:\/\/www.hohes-elbufer.de\/?page_id=443\" target=\"_blank\" rel=\"noreferrer noopener\"><strong><mark style=\"background-color:rgba(0, 0, 0, 0)\" class=\"has-inline-color has-vivid-cyan-blue-color\">Schiffshebewerk <\/mark><\/strong>L\u00fcneburg<\/a><\/span>&nbsp;bei Scharnebeck<\/em><\/li>\n<\/ul>\n\n\n\n<p class=\"has-medium-font-size\"><em>Wer mit dem Auto unterwegs ist, kann alle Stationen im Laufe eines Tages erkunden. Die reine Fahrstrecke betr\u00e4gt zwischen 50 und 60 km. Die Elbquerung ist bei Lauenburg und Geesthacht m\u00f6glich.<\/em><\/p>\n\n\n\n<p class=\"has-medium-font-size\"><em>Wer weitere Anregungen&nbsp;braucht, der sei auf die Tourist-Informationen der St\u00e4dte <span style=\"color: #0000ff;\"><a href=\"http:\/\/www.lauenburg.de\/\" target=\"_blank\" rel=\"noreferrer noopener\"><mark style=\"background-color:rgba(0, 0, 0, 0)\" class=\"has-inline-color has-vivid-cyan-blue-color\"><strong>Lauenburg <\/strong><\/mark><\/a><\/span>und <span style=\"color: #0000ff;\"><a href=\"http:\/\/www.herzogtum-lauenburg.de\/geesthacht\" target=\"_blank\" rel=\"noreferrer noopener\"><mark style=\"background-color:rgba(0, 0, 0, 0)\" class=\"has-inline-color has-vivid-cyan-blue-color\"><strong>Geesthacht <\/strong><\/mark><\/a><\/span>verwiesen.<\/em><\/p>\n\n\n\n<p class=\"has-text-align-center has-medium-font-size\"><strong><em><a href=\"https:\/\/www.hohes-elbufer.de\/?page_id=384\"><mark style=\"background-color:rgba(0, 0, 0, 0)\" class=\"has-inline-color has-vivid-cyan-blue-color\">Nach oben<\/mark><\/a><\/em><\/strong><\/p>\n","protected":false},"excerpt":{"rendered":"<p>Sehenswertes gibt es \u00fcberall und die Sch\u00f6nheiten liegen stets im Auge des Betrachters. Was im Folgenden&nbsp;deshalb als &#8222;des Sehens w\u00fcrdig&#8220; ausgewiesen ist, sollte mit Nachsicht&hellip;<\/p>\n","protected":false},"author":1,"featured_media":0,"parent":0,"menu_order":0,"comment_status":"closed","ping_status":"closed","template":"","meta":{"footnotes":""},"class_list":["post-384","page","type-page","status-publish","hentry"],"_links":{"self":[{"href":"https:\/\/www.hohes-elbufer.de\/index.php?rest_route=\/wp\/v2\/pages\/384","targetHints":{"allow":["GET"]}}],"collection":[{"href":"https:\/\/www.hohes-elbufer.de\/index.php?rest_route=\/wp\/v2\/pages"}],"about":[{"href":"https:\/\/www.hohes-elbufer.de\/index.php?rest_route=\/wp\/v2\/types\/page"}],"author":[{"embeddable":true,"href":"https:\/\/www.hohes-elbufer.de\/index.php?rest_route=\/wp\/v2\/users\/1"}],"replies":[{"embeddable":true,"href":"https:\/\/www.hohes-elbufer.de\/index.php?rest_route=%2Fwp%2Fv2%2Fcomments&post=384"}],"version-history":[{"count":60,"href":"https:\/\/www.hohes-elbufer.de\/index.php?rest_route=\/wp\/v2\/pages\/384\/revisions"}],"predecessor-version":[{"id":1492,"href":"https:\/\/www.hohes-elbufer.de\/index.php?rest_route=\/wp\/v2\/pages\/384\/revisions\/1492"}],"wp:attachment":[{"href":"https:\/\/www.hohes-elbufer.de\/index.php?rest_route=%2Fwp%2Fv2%2Fmedia&parent=384"}],"curies":[{"name":"wp","href":"https:\/\/api.w.org\/{rel}","templated":true}]}}